{"id":212,"date":"2024-06-10T20:23:50","date_gmt":"2024-06-10T20:23:50","guid":{"rendered":"https:\/\/bqpd.eu\/?page_id=212"},"modified":"2024-07-04T12:24:04","modified_gmt":"2024-07-04T12:24:04","slug":"karriere","status":"publish","type":"page","link":"https:\/\/bqpd.eu\/index.php\/karriere\/","title":{"rendered":"Karriere"},"content":{"rendered":"\n<p><h3>Hier findest Du unsere aktuellen Jobangebote.<\/h3>\nDeine initiative Bewerbung ist jederzeit herzlich willkommen. <br>\n\nSchreibe uns einfach per Email an karriere[at]bqpd.eu[dot]de oder nutze f\u00fcr Deine Bewerbung als Fahrer einfach das folgende Kontaktformular.<br><br><\/p>\n\n\n\n<p>\nAls Unternehmen, das Spezialisierung sch\u00e4tzt, haben wir uns seit unserer Gr\u00fcndung darauf konzentriert, Experten f\u00fcr das perfekte Matching in der Personalbeschaffung zu sein. \n<br><br>\nWir  arbeitet konsequent als dezentrale Organisation ohne physische Standorte, was uns erlaubt, globale Talentpools f\u00fcr unser anspruchsvollen Aufgaben zu adressieren und erstklassige Mitarbeiter zu gewinnen. \n<br><br>\nVon unserem Hauptsitz in K\u00f6ln aus betreuen wir Kunden in Deutschland und europaweit. Bei bqpd.eu widmen wir uns nicht nur der Bereitstellung von erstklassigen Kandidatenprofilen. \nWir unterst\u00fctzen vor allem unsere Kunden dabei ihre Ziele zu erreichen und die Personalbeschaffung messbar zu verbessern. \n<\/p>\n<br><br>\n<br><br>\n\n\n\n<div class=\"job-listing row clearfix\"><div class=\"column medium-12 col-md-12\"><div class=\"job-preview clearfix\" ><div class=\"job-content\"><h5><a href=\"https:\/\/bqpd.eu\/index.php\/job\/senior-recruiter-mensch-2\/\" target=\"_self\"><span>Teamlead Recruiting [#mensch]<\/span><\/a><\/h5><div class=\"job-additional-information\"><\/div><\/div><div class=\"job-cta\"><a href=\"https:\/\/bqpd.eu\/index.php\/job\/senior-recruiter-mensch-2\/\" target=\"_self\" class=\"apply-btn local\">Ansehen<\/a><\/div><\/div><div class=\"job-preview clearfix\" ><div class=\"job-content\"><h5><a href=\"https:\/\/bqpd.eu\/index.php\/job\/senior-recruiter-mensch\/\" target=\"_self\"><span>Senior Recruiter [#mensch]<\/span><\/a><\/h5><div class=\"job-additional-information\"><span>Vollzeit, Teilzeit, Contractor<\/span><\/div><\/div><div class=\"job-cta\"><a href=\"https:\/\/bqpd.eu\/index.php\/job\/senior-recruiter-mensch\/\" target=\"_self\" class=\"apply-btn local\">Ansehen<\/a><\/div><\/div><div class=\"job-preview clearfix\" ><div class=\"job-content\"><h5><a href=\"https:\/\/bqpd.eu\/index.php\/job\/key-account-manager-mensch-3\/\" target=\"_self\"><span>Business Unit Manager [#mensch]<\/span><\/a><\/h5><div class=\"job-additional-information\"><span>Vollzeit, Teilzeit, Contractor<\/span><\/div><\/div><div class=\"job-cta\"><a href=\"https:\/\/bqpd.eu\/index.php\/job\/key-account-manager-mensch-3\/\" target=\"_self\" class=\"apply-btn local\">Ansehen<\/a><\/div><\/div><div class=\"job-preview clearfix\" ><div class=\"job-content\"><h5><a href=\"https:\/\/bqpd.eu\/index.php\/job\/key-account-manager-mensch-2\/\" target=\"_self\"><span>Account Manager [#mensch]<\/span><\/a><\/h5><div class=\"job-additional-information\"><\/div><\/div><div class=\"job-cta\"><a href=\"https:\/\/bqpd.eu\/index.php\/job\/key-account-manager-mensch-2\/\" target=\"_self\" class=\"apply-btn local\">Ansehen<\/a><\/div><\/div><div class=\"job-preview clearfix\" ><div class=\"job-content\"><h5><a href=\"https:\/\/bqpd.eu\/index.php\/job\/key-account-manager-mensch\/\" target=\"_self\"><span>Key Account Manager [#mensch]<\/span><\/a><\/h5><div class=\"job-additional-information\"><span>Vollzeit, Teilzeit, Contractor<\/span><\/div><\/div><div class=\"job-cta\"><a href=\"https:\/\/bqpd.eu\/index.php\/job\/key-account-manager-mensch\/\" target=\"_self\" class=\"apply-btn local\">Ansehen<\/a><\/div><\/div><\/div><\/div>\n\n\n\n<br>&nbsp;\n<br>&nbsp;\n\n\n\n<figure class=\"wp-block-table is-style-regular\"><table class=\"has-fixed-layout\"><tbody><tr><td><img decoding=\"async\" width=\"148\" height=\"184\" class=\"wp-image-989\" style=\"width: 148px;\" src=\"https:\/\/bqpd.eu\/wp-content\/uploads\/2024\/07\/Bewerbung-01.png\" alt=\"\"><\/td><td><img decoding=\"async\" width=\"150\" height=\"157\" class=\"wp-image-990\" style=\"width: 150px;\" src=\"https:\/\/bqpd.eu\/wp-content\/uploads\/2024\/07\/Bewerbung-02.png\" alt=\"\"><\/td><td><img decoding=\"async\" width=\"150\" height=\"148\" class=\"wp-image-991\" style=\"width: 150px;\" src=\"https:\/\/bqpd.eu\/wp-content\/uploads\/2024\/07\/Bewerbung-03.png\" alt=\"\"><\/td><td><img loading=\"lazy\" decoding=\"async\" width=\"150\" height=\"140\" class=\"wp-image-992\" style=\"width: 150px;\" src=\"https:\/\/bqpd.eu\/wp-content\/uploads\/2024\/07\/Bewerbung-04.png\" alt=\"\"><\/td><\/tr><tr><td>Upload CV<\/td><td>Telefoninterview<\/td><td>Testverfahren<\/td><td>2. Interview<\/td><\/tr><\/tbody><\/table><\/figure>\n\n\n\n<br><br>\n<h3>Bewerbungsverfahren<\/h3>\n\n\n\n<style>#sp-ea-251 .spcollapsing { height: 0; overflow: hidden; transition-property: height;transition-duration: 300ms;}#sp-ea-251.sp-easy-accordion>.sp-ea-single {margin-bottom: 10px; border: 1px solid #e2e2e2; }#sp-ea-251.sp-easy-accordion>.sp-ea-single>.ea-header a {color: #444;}#sp-ea-251.sp-easy-accordion>.sp-ea-single>.sp-collapse>.ea-body {background: #fff; color: #444;}#sp-ea-251.sp-easy-accordion>.sp-ea-single {background: #eee;}#sp-ea-251.sp-easy-accordion>.sp-ea-single>.ea-header a .ea-expand-icon { float: left; color: #444;font-size: 16px;}<\/style><div id=\"sp_easy_accordion-1718137148\"><div id=\"sp-ea-251\" class=\"sp-ea-one sp-easy-accordion\" data-ex-icon=\"minus\" data-col-icon=\"plus\"  data-ea-active=\"ea-click\"  data-ea-mode=\"vertical\" data-preloader=\"\" data-scroll-active-item=\"\" data-offset-to-scroll=\"0\"><div class=\"ea-card  sp-ea-single\"><h3 class=\"ea-header\"><a class=\"collapsed\" id=\"ea-header-2510\" data-sptoggle=\"spcollapse\" data-sptarget=\"#collapse2510\" aria-controls=\"collapse2510\" href=\"javascript:void(0)\"  aria-expanded=\"false\" tabindex=\"0\"><i class=\"ea-expand-icon ea-icon-expand-plus\"><\/i> Kann ich mich auf eine Stelle bewerben, auch wenn mein Profil nicht perfekt passt?<\/a><\/h3><div class=\"sp-collapse spcollapse spcollapse\" id=\"collapse2510\" data-parent=\"#sp-ea-251\" role=\"region\" aria-labelledby=\"ea-header-2510\"><div class=\"ea-body\"><p>JA, wenn Du der Meinung bist, dass Du f\u00fcr die offene Stelle geeignet bist, dann bewirb Dich gerne, auch wenn dein Profil nicht perfekt zu der Stellanzeige passt. Es ist ja auch m\u00f6glich, dass die Stellenanzeige einfach nicht perfekt ausformuliert war und Du der ideale Kandidat bist. Wir freuen uns auf deine Bewerbung.<\/p>\n<\/div><\/div><\/div><div class=\"ea-card  sp-ea-single\"><h3 class=\"ea-header\"><a class=\"collapsed\" id=\"ea-header-2511\" data-sptoggle=\"spcollapse\" data-sptarget=\"#collapse2511\" aria-controls=\"collapse2511\" href=\"javascript:void(0)\"  aria-expanded=\"false\" tabindex=\"0\"><i class=\"ea-expand-icon ea-icon-expand-plus\"><\/i> Wie funktioniert der Bewerbungssprozess?<\/a><\/h3><div class=\"sp-collapse spcollapse spcollapse\" id=\"collapse2511\" data-parent=\"#sp-ea-251\" role=\"region\" aria-labelledby=\"ea-header-2511\"><div class=\"ea-body\"><p>Nach Eingang deiner Bewerbung sichten wir intern deine Unterlagen. Wenn deine Bewerbung unser Interesse wecken konnte, beginnen wir den Bewerbungsprozess mit einem ersten online Interview. Abh\u00e4ngig von der konkreten Stelle folgen dann zeitnah noch ein Assessment und ein weiteres online Interviews bis zu einer Entscheidung.<\/p>\n<\/div><\/div><\/div><div class=\"ea-card  sp-ea-single\"><h3 class=\"ea-header\"><a class=\"collapsed\" id=\"ea-header-2512\" data-sptoggle=\"spcollapse\" data-sptarget=\"#collapse2512\" aria-controls=\"collapse2512\" href=\"javascript:void(0)\"  aria-expanded=\"false\" tabindex=\"0\"><i class=\"ea-expand-icon ea-icon-expand-plus\"><\/i> Sind alle hier ausgeschriebenen Stellen noch vakant?<\/a><\/h3><div class=\"sp-collapse spcollapse spcollapse\" id=\"collapse2512\" data-parent=\"#sp-ea-251\" role=\"region\" aria-labelledby=\"ea-header-2512\"><div class=\"ea-body\"><p>JA, f\u00fcr alle auf unserer Karriereseite ausgeschriebenen Stellen suchen wir noch Talente und zuk\u00fcnftige Kollegen.<\/p>\n<\/div><\/div><\/div><div class=\"ea-card  sp-ea-single\"><h3 class=\"ea-header\"><a class=\"collapsed\" id=\"ea-header-2513\" data-sptoggle=\"spcollapse\" data-sptarget=\"#collapse2513\" aria-controls=\"collapse2513\" href=\"javascript:void(0)\"  aria-expanded=\"false\" tabindex=\"0\"><i class=\"ea-expand-icon ea-icon-expand-plus\"><\/i> Wie bewerbe ich mich idealerweise?<\/a><\/h3><div class=\"sp-collapse spcollapse spcollapse\" id=\"collapse2513\" data-parent=\"#sp-ea-251\" role=\"region\" aria-labelledby=\"ea-header-2513\"><div class=\"ea-body\"><p>Wir bitten Dich darum sich ausschlie\u00dflich schriftlich mit deinem Lebenslauf \u00fcber unsere Karriereseite zu bewerben, um sicher zu stellen, dass uns deine Bewerbung auch erreicht und wahrgenommen wird.<\/p>\n<\/div><\/div><\/div><div class=\"ea-card  sp-ea-single\"><h3 class=\"ea-header\"><a class=\"collapsed\" id=\"ea-header-2514\" data-sptoggle=\"spcollapse\" data-sptarget=\"#collapse2514\" aria-controls=\"collapse2514\" href=\"javascript:void(0)\"  aria-expanded=\"false\" tabindex=\"0\"><i class=\"ea-expand-icon ea-icon-expand-plus\"><\/i> Was muss meine Bewerbung beinhalten?<\/a><\/h3><div class=\"sp-collapse spcollapse spcollapse\" id=\"collapse2514\" data-parent=\"#sp-ea-251\" role=\"region\" aria-labelledby=\"ea-header-2514\"><div class=\"ea-body\"><p>Wir m\u00f6chten das unser Bewerbungsverfahren f\u00fcr interessierte Kandidaten nur einen geringen Aufwand bedeutet. Also beschr\u00e4nken wir uns f\u00fcr den ersten Eindruck auf das N\u00f6tigste. Deine Bewerbung sollte deinen aktuellen CV enthalten, deine Angabe zum gew\u00fcnschten Eintrittstermin sowie deine Gehaltsvorstellung.<\/p>\n<\/div><\/div><\/div><div class=\"ea-card  sp-ea-single\"><h3 class=\"ea-header\"><a class=\"collapsed\" id=\"ea-header-2515\" data-sptoggle=\"spcollapse\" data-sptarget=\"#collapse2515\" aria-controls=\"collapse2515\" href=\"javascript:void(0)\"  aria-expanded=\"false\" tabindex=\"0\"><i class=\"ea-expand-icon ea-icon-expand-plus\"><\/i> Gibt es einen Ansprechpartner, an den ich meine Bewerbung adressieren kann?<\/a><\/h3><div class=\"sp-collapse spcollapse spcollapse\" id=\"collapse2515\" data-parent=\"#sp-ea-251\" role=\"region\" aria-labelledby=\"ea-header-2515\"><div class=\"ea-body\"><p>JA! Wir sind ein inhabergef\u00fchrtes Unternehmen, dass h\u00f6chsten Wert auf den bestm\u00f6glichen Cultural Fit und eine der Stellenbeschreibung entsprechende Qualifikation legt. Darum streben wir ein organisches Wachstum mit sorgf\u00e4ltig handverlesenen Kollegen bzw. neuen Kollegen an, darum ist der erste und beste Ansprechpartner f\u00fcr deine Bewerbung unser Inhaber: Herr Derya Fiedler (he\/him), dem Du deine Bewerbungsunterlagen per E-mail an: derya.fiedler@gmail.com zukommen lassen kannst.<\/p>\n<\/div><\/div><\/div><div class=\"ea-card  sp-ea-single\"><h3 class=\"ea-header\"><a class=\"collapsed\" id=\"ea-header-2516\" data-sptoggle=\"spcollapse\" data-sptarget=\"#collapse2516\" aria-controls=\"collapse2516\" href=\"javascript:void(0)\"  aria-expanded=\"false\" tabindex=\"0\"><i class=\"ea-expand-icon ea-icon-expand-plus\"><\/i> Wann erhalte ich eine R\u00fcckmeldung auf meine Bewerbung?<\/a><\/h3><div class=\"sp-collapse spcollapse spcollapse\" id=\"collapse2516\" data-parent=\"#sp-ea-251\" role=\"region\" aria-labelledby=\"ea-header-2516\"><div class=\"ea-body\"><p>Nach Eingang deiner Bewerbung sichten wir diese und melden uns m\u00f6glichst zeitnah bei dir - entweder telefonisch oder per E-Mail.<\/p>\n<\/div><\/div><\/div><div class=\"ea-card  sp-ea-single\"><h3 class=\"ea-header\"><a class=\"collapsed\" id=\"ea-header-2517\" data-sptoggle=\"spcollapse\" data-sptarget=\"#collapse2517\" aria-controls=\"collapse2517\" href=\"javascript:void(0)\"  aria-expanded=\"false\" tabindex=\"0\"><i class=\"ea-expand-icon ea-icon-expand-plus\"><\/i> Wie verl\u00e4uft der Bewerbungsprozess?<\/a><\/h3><div class=\"sp-collapse spcollapse spcollapse\" id=\"collapse2517\" data-parent=\"#sp-ea-251\" role=\"region\" aria-labelledby=\"ea-header-2517\"><div class=\"ea-body\"><ol>\n<li>Upload deiner Bewerbungsunterlagen<\/li>\n<li>Telefoninterview<\/li>\n<li>Testverfahren, digitales Assessment<\/li>\n<li>Interview - Videocall oder pers\u00f6nlich vor Ort<\/li>\n<\/ol>\n<\/div><\/div><\/div><div class=\"ea-card  sp-ea-single\"><h3 class=\"ea-header\"><a class=\"collapsed\" id=\"ea-header-2518\" data-sptoggle=\"spcollapse\" data-sptarget=\"#collapse2518\" aria-controls=\"collapse2518\" href=\"javascript:void(0)\"  aria-expanded=\"false\" tabindex=\"0\"><i class=\"ea-expand-icon ea-icon-expand-plus\"><\/i> Kann ich mich f\u00fcr mehrere Stellen gleichzeitig bewerben?<\/a><\/h3><div class=\"sp-collapse spcollapse spcollapse\" id=\"collapse2518\" data-parent=\"#sp-ea-251\" role=\"region\" aria-labelledby=\"ea-header-2518\"><div class=\"ea-body\"><p>Wenn Du mehr als eine offene Stelle gefunden hast, die Dich interessiert und zu deinem Profil passt, dann freuen wir uns auf deine Bewerbung(en) hierzu.<\/p>\n<\/div><\/div><\/div><div class=\"ea-card  sp-ea-single\"><h3 class=\"ea-header\"><a class=\"collapsed\" id=\"ea-header-2519\" data-sptoggle=\"spcollapse\" data-sptarget=\"#collapse2519\" aria-controls=\"collapse2519\" href=\"javascript:void(0)\"  aria-expanded=\"false\" tabindex=\"0\"><i class=\"ea-expand-icon ea-icon-expand-plus\"><\/i> Duzen oder Siezen?<\/a><\/h3><div class=\"sp-collapse spcollapse spcollapse\" id=\"collapse2519\" data-parent=\"#sp-ea-251\" role=\"region\" aria-labelledby=\"ea-header-2519\"><div class=\"ea-body\"><p>Gerne Duzen! Unter Kollegen und auch gerne im Bewerbungsverfahren sprechen wir uns respektvoll in der pers\u00f6nlichen Anrede an. Das Duzen ist heutzutage g\u00e4ngiger Umgang in der werkt\u00e4glichen Praxis und f\u00fchlt sich f\u00fcr uns einfach nat\u00fcrlich und richtig an.<\/p>\n<\/div><\/div><\/div><\/div><\/div>\n\n\n\n<br><br>\n<h3>Interviewprozess<\/h3>\n\n\n\n<style>#sp-ea-253 .spcollapsing { height: 0; overflow: hidden; transition-property: height;transition-duration: 300ms;}#sp-ea-253.sp-easy-accordion>.sp-ea-single {margin-bottom: 10px; border: 1px solid #e2e2e2; }#sp-ea-253.sp-easy-accordion>.sp-ea-single>.ea-header a {color: #444;}#sp-ea-253.sp-easy-accordion>.sp-ea-single>.sp-collapse>.ea-body {background: #fff; color: #444;}#sp-ea-253.sp-easy-accordion>.sp-ea-single {background: #eee;}#sp-ea-253.sp-easy-accordion>.sp-ea-single>.ea-header a .ea-expand-icon { float: left; color: #444;font-size: 16px;}<\/style><div id=\"sp_easy_accordion-1718140390\"><div id=\"sp-ea-253\" class=\"sp-ea-one sp-easy-accordion\" data-ex-icon=\"minus\" data-col-icon=\"plus\"  data-ea-active=\"ea-click\"  data-ea-mode=\"vertical\" data-preloader=\"\" data-scroll-active-item=\"\" data-offset-to-scroll=\"0\"><div class=\"ea-card  sp-ea-single\"><h3 class=\"ea-header\"><a class=\"collapsed\" id=\"ea-header-2530\" data-sptoggle=\"spcollapse\" data-sptarget=\"#collapse2530\" aria-controls=\"collapse2530\" href=\"javascript:void(0)\"  aria-expanded=\"false\" tabindex=\"0\"><i class=\"ea-expand-icon ea-icon-expand-plus\"><\/i> Wie funktioniert der Interviewprozess?<\/a><\/h3><div class=\"sp-collapse spcollapse spcollapse\" id=\"collapse2530\" data-parent=\"#sp-ea-253\" role=\"region\" aria-labelledby=\"ea-header-2530\"><div class=\"ea-body\"><p>M\u00f6glichst zeitnah nach Eingang deiner Bewerbung informieren wir Dich dar\u00fcber, ob wir darauf neugierig geworden sind Dich n\u00e4her kennen zu lernen. Wenn ja, dann starten wir unseren Interviewprozess. Der Interviewprozess ist\u00a0 mehrstufig strukturiert und umfasst ein Telefoninterview, ein Assessment Center als digitales Testverfahren sowie ein Anschluss- und Abschlussgespr\u00e4ch.\u00a0 Wir bem\u00fchen uns die einzelnen Stufen in m\u00f6glichst kurzen Intervallen zu terminieren, so dass der gesamte Prozess im Idealfall nur wenige Wochen in Anspruch nimmt.<\/p>\n<\/div><\/div><\/div><div class=\"ea-card  sp-ea-single\"><h3 class=\"ea-header\"><a class=\"collapsed\" id=\"ea-header-2531\" data-sptoggle=\"spcollapse\" data-sptarget=\"#collapse2531\" aria-controls=\"collapse2531\" href=\"javascript:void(0)\"  aria-expanded=\"false\" tabindex=\"0\"><i class=\"ea-expand-icon ea-icon-expand-plus\"><\/i> Wie kann ich mich auf die Gespr\u00e4chsrunden vorbereiten?<\/a><\/h3><div class=\"sp-collapse spcollapse spcollapse\" id=\"collapse2531\" data-parent=\"#sp-ea-253\" role=\"region\" aria-labelledby=\"ea-header-2531\"><div class=\"ea-body\"><p><strong>Come as you are!<\/strong> Eine ausgiebige Vorbereitung auf die Gespr\u00e4che oder das Testverfahren ist nicht erforderlich. Idealerweise f\u00fchren wir ein gutes Gespr\u00e4ch, ohne dass es sich wie ein Interview anf\u00fchlt, und lernen einander kennen. Neben den fachlichen Qualifikationen k\u00f6nnen wir so erfahren, ob es uns gelingt zusammen eine gute Atmosph\u00e4re zu kreieren und wir kulturell zusammen passen.<\/p>\n<\/div><\/div><\/div><div class=\"ea-card  sp-ea-single\"><h3 class=\"ea-header\"><a class=\"collapsed\" id=\"ea-header-2532\" data-sptoggle=\"spcollapse\" data-sptarget=\"#collapse2532\" aria-controls=\"collapse2532\" href=\"javascript:void(0)\"  aria-expanded=\"false\" tabindex=\"0\"><i class=\"ea-expand-icon ea-icon-expand-plus\"><\/i> Welche Mitarbeiter werden an dem Interviewprozess beteiligt sein?<\/a><\/h3><div class=\"sp-collapse spcollapse spcollapse\" id=\"collapse2532\" data-parent=\"#sp-ea-253\" role=\"region\" aria-labelledby=\"ea-header-2532\"><div class=\"ea-body\"><p>Wir sind stolz darauf eine spezialisierte Boutiqueberatung mit h\u00f6chstem Qualit\u00e4tsanspruch zu sein und jeder einzelne Kollege ist Gew\u00e4hrtr\u00e4ger f\u00fcr diese hohen Standards und das Einl\u00f6sen unseres Leistungsversprechens. Aus diesem Grund ist die Rekrutierung neuer Kollegen und der damit verbunden Interviewprozess immer auch Chefsache. Dar\u00fcber hinaus lernst Du, abh\u00e4ngig von der in Rede stehenden offenen Stelle, einen Kollegen und m\u00f6glicherweise eine weitere F\u00fchrungskraft in den Gespr\u00e4chsrunden kennen.<\/p>\n<\/div><\/div><\/div><\/div><\/div>\n\n\n\n<br><br>\n<h3>Allgemein<\/h3>\n\n\n\n<style>#sp-ea-254 .spcollapsing { height: 0; overflow: hidden; transition-property: height;transition-duration: 300ms;}#sp-ea-254.sp-easy-accordion>.sp-ea-single {margin-bottom: 10px; border: 1px solid #e2e2e2; }#sp-ea-254.sp-easy-accordion>.sp-ea-single>.ea-header a {color: #444;}#sp-ea-254.sp-easy-accordion>.sp-ea-single>.sp-collapse>.ea-body {background: #fff; color: #444;}#sp-ea-254.sp-easy-accordion>.sp-ea-single {background: #eee;}#sp-ea-254.sp-easy-accordion>.sp-ea-single>.ea-header a .ea-expand-icon { float: left; color: #444;font-size: 16px;}<\/style><div id=\"sp_easy_accordion-1718140505\"><div id=\"sp-ea-254\" class=\"sp-ea-one sp-easy-accordion\" data-ex-icon=\"minus\" data-col-icon=\"plus\"  data-ea-active=\"ea-click\"  data-ea-mode=\"vertical\" data-preloader=\"\" data-scroll-active-item=\"\" data-offset-to-scroll=\"0\"><div class=\"ea-card  sp-ea-single\"><h3 class=\"ea-header\"><a class=\"collapsed\" id=\"ea-header-2540\" data-sptoggle=\"spcollapse\" data-sptarget=\"#collapse2540\" aria-controls=\"collapse2540\" href=\"javascript:void(0)\"  aria-expanded=\"false\" tabindex=\"0\"><i class=\"ea-expand-icon ea-icon-expand-plus\"><\/i> Wer hat Einsicht in meine Daten?<\/a><\/h3><div class=\"sp-collapse spcollapse spcollapse\" id=\"collapse2540\" data-parent=\"#sp-ea-254\" role=\"region\" aria-labelledby=\"ea-header-2540\"><div class=\"ea-body\"><p>Grunds\u00e4tzlich d\u00fcrfen alle Personen, die an dem Bewerbungsverfahren beteiligt sind, deine Daten und Unterlagen einsehen, damit diese sich ein Bild von dir und deinen Qualifikationen machen k\u00f6nnen und ein informiertes Feedback geben k\u00f6nnen. Hierbei gilt selbstverst\u00e4ndlich, dass alle Beteiligten zur Verschwiegenheit verpflichtet sind und deine Daten Dritten nicht zug\u00e4nglich gemacht werden d\u00fcrfen.<\/p>\n<\/div><\/div><\/div><div class=\"ea-card  sp-ea-single\"><h3 class=\"ea-header\"><a class=\"collapsed\" id=\"ea-header-2541\" data-sptoggle=\"spcollapse\" data-sptarget=\"#collapse2541\" aria-controls=\"collapse2541\" href=\"javascript:void(0)\"  aria-expanded=\"false\" tabindex=\"0\"><i class=\"ea-expand-icon ea-icon-expand-plus\"><\/i> Was passiert nach der Bewerbung mit meinen Daten?<\/a><\/h3><div class=\"sp-collapse spcollapse spcollapse\" id=\"collapse2541\" data-parent=\"#sp-ea-254\" role=\"region\" aria-labelledby=\"ea-header-2541\"><div class=\"ea-body\"><p>Wenn Du f\u00fcr die offene Stelle nicht in Frage kommen solltest, werden deine Daten in der Regel sp\u00e4testens 6 Monate nach Beendigung deines Bewerbungsverfahrens gel\u00f6scht. Es sei denn, Du willigst ein, dass deine Daten l\u00e4nger gespeichert werden d\u00fcrfen, um f\u00fcr eine zuk\u00fcnftige offene Stelle in Betracht gezogen werden zu k\u00f6nnen.<\/p>\n<\/div><\/div><\/div><div class=\"ea-card  sp-ea-single\"><h3 class=\"ea-header\"><a class=\"collapsed\" id=\"ea-header-2542\" data-sptoggle=\"spcollapse\" data-sptarget=\"#collapse2542\" aria-controls=\"collapse2542\" href=\"javascript:void(0)\"  aria-expanded=\"false\" tabindex=\"0\"><i class=\"ea-expand-icon ea-icon-expand-plus\"><\/i> Ich habe eine Frage, die hier noch nicht beantwortet wurde, an wen kann ich diese adressieren?<\/a><\/h3><div class=\"sp-collapse spcollapse spcollapse\" id=\"collapse2542\" data-parent=\"#sp-ea-254\" role=\"region\" aria-labelledby=\"ea-header-2542\"><div class=\"ea-body\"><p>Du hast eine\u00a0Frage, die\u00a0hier in den FAQs nicht beantwortet wurde oder die sich auf deine konkrete Bewerbung bezieht? Dann schreibe am einfach direkt an derya.fiedler@gmail.com oder an info@jupiterexpress.de<\/p>\n<\/div><\/div><\/div><\/div><\/div>\n\n\n\n<br><br>\n<br><br>\n","protected":false},"excerpt":{"rendered":"<p>Hier findest Du unsere aktuellen Jobangebote. Deine initiative Bewerbung ist jederzeit herzlich willkommen. Schreibe uns einfach per Email an karriere[at]bqpd.eu[dot]de oder nutze f\u00fcr Deine Bewerbung als Fahrer einfach das folgende Kontaktformular. Als Unternehmen, das Spezialisierung sch\u00e4tzt, haben wir uns seit unserer Gr\u00fcndung darauf konzentriert, Experten f\u00fcr das perfekte Matching in der Personalbeschaffung zu sein. Wir arbeitet konsequent als dezentrale Organisation ohne physische Standorte, was uns erlaubt, globale Talentpools f\u00fcr unser anspruchsvollen Aufgaben zu adressieren und erstklassige Mitarbeiter zu gewinnen. Von unserem Hauptsitz in K\u00f6ln aus betreuen wir Kunden in Deutschland und europaweit. Bei bqpd.eu widmen wir uns nicht nur der Bereitstellung von erstklassigen Kandidatenprofilen. Wir unterst\u00fctzen vor allem unsere Kunden dabei ihre Ziele zu erreichen und die Personalbeschaffung messbar zu verbessern. &nbsp; &nbsp; Upload CV Telefoninterview Testverfahren 2. Interview Bewerbungsverfahren Interviewprozess Allgemein<\/p>\n","protected":false},"author":1,"featured_media":0,"parent":0,"menu_order":0,"comment_status":"closed","ping_status":"closed","template":"templates\/template-page-full-width.php","meta":{"content-type":"","footnotes":""},"class_list":["post-212","page","type-page","status-publish","hentry"],"_links":{"self":[{"href":"https:\/\/bqpd.eu\/index.php\/wp-json\/wp\/v2\/pages\/212","targetHints":{"allow":["GET"]}}],"collection":[{"href":"https:\/\/bqpd.eu\/index.php\/wp-json\/wp\/v2\/pages"}],"about":[{"href":"https:\/\/bqpd.eu\/index.php\/wp-json\/wp\/v2\/types\/page"}],"author":[{"embeddable":true,"href":"https:\/\/bqpd.eu\/index.php\/wp-json\/wp\/v2\/users\/1"}],"replies":[{"embeddable":true,"href":"https:\/\/bqpd.eu\/index.php\/wp-json\/wp\/v2\/comments?post=212"}],"version-history":[{"count":12,"href":"https:\/\/bqpd.eu\/index.php\/wp-json\/wp\/v2\/pages\/212\/revisions"}],"predecessor-version":[{"id":994,"href":"https:\/\/bqpd.eu\/index.php\/wp-json\/wp\/v2\/pages\/212\/revisions\/994"}],"wp:attachment":[{"href":"https:\/\/bqpd.eu\/index.php\/wp-json\/wp\/v2\/media?parent=212"}],"curies":[{"name":"wp","href":"https:\/\/api.w.org\/{rel}","templated":true}]}}